late n(-11).
3
Suppose 3*a - 4*u - 130 = 82, -4*a + 266 = 3*u. Let c = 70 - a. Let t(o) be the second derivative of -11*o**3/6 + o**2 - 5*o. Calculate t(c).
-20
Let s(g) = 11 - 3*g**2 + 3 + 11 - 31*g - 3*g**2 - 26. Calculate s(-5).
4
Let o(c) be the second derivative of -2*c**3/3 + 87*c**2/2 + 422*c + 13. Calculate o(20).
7
Let p = 2224 + -2230. Let j(q) be the second derivative of -1/12*q**4 + 0 - 4*q**2 - 3*q - 3/2*q**3. Determine j(p).
10
Let k be 2*((-3078)/12)/(-1). Let w = k + -513. Let g(l) = l**2 - 6. Calculate g(w).
-6
Let k(o) = -o**3 - 2*o**2 - o. Let q(p) be the first derivative of -5*p**4/4 - 6*p**3 - 13*p**2/2 + 2*p + 64. Let r(w) = 6*k(w) - q(w). What is r(7)?
-2
Let z(m) = -m**3 + 11*m**2 + 9*m + 27. Suppose 0 = 89*a - 220*a + 1572. Give z(a).
-9
Let i(k) = k**2 - 8*k + 4. Let o be 128/22 - (272/(-44) - -6). Let j be i(o). Let n(v) = -4*v + 1. Calculate n(j).
33
Let y(h) be the second derivative of -h**4/12 - 10*h**3/3 + 33*h**2 + 1211*h. Calculate y(-23).
-3
Let u(t) be the third derivative of -1/120*t**6 + 0*t - 38*t**2 + 1/24*t**4 - t**3 + 1/60*t**5 + 0. What is u(0)?
-6
Let s = 0 - -2. Let f(m) be the second derivative of -1/2*m**2 + 5/3*m**3 + 0 + 24*m. Determine f(s).
19
Let u(x) = -17*x + 40. Suppose -755 = -62*b - 317 - 314. Calculate u(b).
6
Let i(f) be the third derivative of 17*f**4/12 + 38*f**3/3 + 2*f**2 - 910*f - 2. Give i(-2).
8
Let u(i) = 52*i**2 - 4*i + 3. Let p be u(1). Let z = -50 + p. Let t(a) = 2 + 5 - 8 + 5*a**2. Give t(z).
4
Let i(u) be the third derivative of -u**5/60 + 2*u**4/3 - 28*u**3/3 + 144*u**2. Give i(5).
-1
Let g(b) = b**2 + 6*b + 3. Let y(r) be the second derivative of 5*r**3/6 - 21*r**2/2 + r - 16. Let s be y(3). Give g(s).
3
Let k(h) = -23*h + 85. Let y be k(5). Let x be (-1)/(-6) + 245/y. Let b(c) = c**2 + 3*c - 4. Determine b(x).
36
Let a(o) = 0*o + 23*o - 9 - 62*o + 32*o. Calculate a(-3).
12
Let s(d) = -d**3 + 41*d**2 + 1. Suppose -5*f - 169 = -4*p, 8*p + 3*f + 167 = 12*p. Calculate s(p).
1
Let u(r) = 224*r - 40. Let g(q) be the first derivative of 17*q**2/2 - 3*q + 57. Let m(c) = -40*g(c) + 3*u(c). Determine m(1).
-8
Let h be 5/20 + (-4634)/200 + 38/(-475). Let m(p) = p**2 + 24*p + 41. Calculate m(h).
18
Let i(a) = -4*a**2 + 7*a - 6. Let o = -3926 + 3927. What is i(o)?
-3
Let a be -1 + (-4 - (-88)/16). Let n(p) be the third derivative of 0*p + 1/12*p**4 - 3*p**2 - a*p**3 + 0. What is n(3)?
3
Let q = -225 + 229. Let w be q/(6 - 4) - -1. Let g(k) = -k**3 + 4*k**2 - k - 1. Determine g(w).
5
Let g(o) = -o**2 - 11*o + 3. Let y = 4417 + -4428. Give g(y).
3
Suppose 5*b - 3*a + 9 = 28, 2*a = -4*b + 24. Let h be 459/15 + 2/5. Suppose 2*v + h = -5*y, -4*y - 2 = -b*v + 3. Let c(x) = x**2 + 3*x - 4. What is c(y)?
6
Let i be (6/(-5))/((-2 - 3)/25). Let b be (-3)/3*(-16 + i). Let d(j) = -2 + 0 - j + b. Give d(4).
4
Let b(m) = -m**3 - 9*m**2 - 5*m - 5. Suppose 2*n - 5*j = -24, -n + 4*j + 144 = 159. Give b(n).
-68
Let i(s) = -56*s. Suppose 24*r + 8*r + 32 = 0. Give i(r).
56
Let f be (-92)/414 - (-102)/(-27). Let l(h) = -h - 9. Determine l(f).
-5
Let y(c) = c**3 + 3*c**2 - c - 9. Let b = 3577 - 3580. What is y(b)?
-6
Let q(t) = -37 - 24*t + 10*t + 7*t + 6*t + 16 + 29. Let w be 1 - (-8 - (-1 - 0)). Give q(w).
0
Let n(x) be the first derivative of x**3 + 3*x**2/2 - 3*x + 3. Let o(q) = 224*q + 1117. Let j be o(-5). Give n(j).
15
Let b(m) = 4*m. Suppose 3*q - 76 = 110. Let c(k) = -2 + 64*k + 2 - q*k. Let i(d) = -b(d) + 4*c(d). Calculate i(5).
20
Let s(p) = -2*p**3 + 11*p**2 - 6*p + 7. Let c be s(5). Let q(u) = -5*u + 2*u - 38*u**2 + 40*u**2. Give q(c).
2
Let u(y) = y + 4. Let w be u(-11). Let x(p) = 491 - 169 + p**2 - 161 + 4*p - 168. Give x(w).
14
Let q(a) = -18*a + 15. Let s be (2 - (-2 - 2)) + (-138)/(-23) + -17. Give q(s).
105
Let w(d) = -2*d**2 + 3*d. Suppose f - o = 10 + 1, -4*f + 3*o + 49 = 0. Let b be f/(-7) + 4/14. Let x be (-3 - (-19)/5)/(b/(-5)). Determine w(x).
-2
Let o(y) = -101*y**2 - 2*y**3 + 208*y**2 - y - 109*y**2 + 28*y**3. Calculate o(-1).
-27
Let j(g) = 14*g**2 - 35*g + 5. Let d = -23 - -17. Let r(f) = -5*f**2 + 12*f - 2. Let h(u) = d*j(u) - 17*r(u). Let t = 170 - 174. What is h(t)?
-4
Let t(b) = -17*b - 13. Let s(i) = 0*i - 9*i + 109 - 117. Let f(x) = 5*s(x) - 3*t(x). What is f(1)?
5
Let g(t) = 7*t - 4. Let x be g(10). Let p = x + -62. Suppose p*m - 5*m = 2. Let y(o) = o**3 + 4*o**2 - 2*o - 1. Give y(m).
11
Let k be (-2)/(-14) - (-360)/28. Let i = -17 + k. Let q be (-8)/(-16) + (-6)/i. Let j(d) = d**3 - 2*d**2 + 2*d + 1. Calculate j(q).
5
Suppose 3*j = 4*g - 97, 6*g - 3*g - j = 74. Suppose 2*b - c + 20 = 6*b, -5*b + g = 4*c. Let l(f) = -f**3 + 4*f**2 + 6*f + 1. What is l(b)?
6
Let r(t) = -12*t + 94934289 - 94934288 + t**2 + 0*t. Let k be 0 + (2 - (-8 + 1)). Give r(k).
-26
Let p(f) = f**3 - 23*f**2 + 57*f + 52. Let s be p(20). Let h(d) = -d + 18. Determine h(s).
26
Suppose 30966*i - 30946*i = 180. Let x(q) = -12 - 13*q + 5*q + 3*q**2 - q**3 + 7*q**2. What is x(i)?
-3
Let r(v) = -3*v - 9. Let j = 5540 - 5545. Give r(j).
6
Let k = -272 - -429. Let i(y) = -3*y**2 + 4*y**2 + 3 - 154*y + 2 + k*y. Calculate i(-4).
9
Let f(s) = 122 - 125 + 65 + 9*s - 4*s. What is f(-9)?
17
Let m(n) = -n**2 + 25*n - 51. Suppose 1113*x = 1137*x - 528. Calculate m(x).
15
Let s(m) = m - 39. Suppose -2*o + 83 = -3*k, 181*k = 4*o + 182*k - 159. Give s(o).
1
Let a be (3 - (-8 + 9))*(-4)/8. Let d(g) = -15 + 23*g**3 + 7 + 9 + 4*g**3. Calculate d(a).
-26
Let w(k) = 43*k**2 - 27*k**2 - 8*k - 117 + 55*k**3 - 24*k**2 - 28*k**3 - 26*k**3. Give w(10).
3
Let y(h) be the third derivative of -h**5/60 - 19*h**4/24 - 29*h**3/3 - 13*h**2 - 41*h + 1. Calculate y(-14).
12
Let m be 22 + -1 - (-63392)/(-1981). Let i(o) = -o - 5 + 0 + 0. Calculate i(m).
6
Let i(k) be the third derivative of -7*k**4/24 - 10*k**3/3 - 3*k**2 - 8. Let w be i(-4). Let b(j) = j**3 - 8*j**2 - 3*j + 3. Determine b(w).
-21
Let q(a) = a**2 + 331 + 5*a - 343 - a. Let z(b) = -3*b**2 - 9*b + 26. Let d(l) = -13*q(l) - 6*z(l). Calculate d(-2).
16
Suppose -t + 9 = 2*t. Let a(i) be the third derivative of -i**4/6 - 2*i**3/3 + 152*i**2. Determine a(t).
-16
Let r(j) be the first derivative of -39*j**2 - 2*j - 5046. Give r(-1).
76
Let p = -6 + 11. Let a(s) = -s**3 + s**2 - 10*s. Let i(y) = -4*y**3 + 8*y**2 - 27*y + 1. Let u(n) = 3*a(n) - i(n). Give u(p).
-16
Let x(q) = -6*q**3 + 46*q**2 + 25*q + 9. Let c(f) = -f**3 + 9*f**2 + 5*f + 2. Let d be 0 - (5 - -4) - -7. Let g(o) = d*x(o) + 11*c(o). Give g(-4).
32
Suppose 0 = -5*c + 8*c - 4*b + 7, -c - b = -7. Let j(p) = -2 - 2 + 7 + 34*p - 36*p + c. Determine j(-4).
14
Let g(d) = 2178*d**2 - 14 + 2*d - 1097*d**2 + d**3 - 1089*d**2. Calculate g(8).
2
Let p(m) = -5*m - 7. Let t be p(-2). Let l(a) be the third derivative of a**5/60 - 5*a**4/24 - a**3/6 - 4*a**2 - 15. Give l(t).
-7
Let z(h) be the second derivative of -h**3/6 - 4*h**2 - 6*h. Let p = -71 + 42. Let q = p - -29. Calculate z(q).
-8
Let l(o) be the second derivative of o**4/6 + 37*o**3/6 - 8*o**2 - 2*o + 52. Determine l(-17).
-67
Let s = 4214 - 4213. Let t(j) = 54*j - 2. Calculate t(s).
52
Let b = 412 - 109. Let x(a) = 7*a + 0*a**2 - 6*a**2 - 304*a**3 + b*a**3 - 9. Suppose -5*k = 31 + 4. What is x(k)?
-9
Suppose 0*h + 2*h = -4. Suppose -2*u + 126 = -36. Let f(k) = -162 + 80 - 5*k + u - 2*k. Give f(h).
13
Suppose -10*q - 247 + 317 = 0. Let a(h) = -h**3 + 4*h**2 + 19*h + 2. Give a(q).
-12
Let k(c) = c**3 + 11*c**2 + 20*c - 4. Let f be k(-8). Let z be 8/f + (-357)/49. Let l(p) = p**3 + 6*p**2 - 9*p - 5. What is l(z)?
9
Let o(j) be the first derivative of -j - 1/2*j**2 - 13/3*j**3 + 1. Let d(z) = 3*z - 46. Let c be d(15). Give o(c).
-13
Suppose 6*d - 7 + 37 = 0. Let c(t) = -4*t - 10. Give c(d).
10
Let m(x) be the first derivative of x**6/120 - x**5/30 + x**4/12 + x**3/6 - 169*x**2/2 - 148. Let t(u) be the second derivative of m(u). Give t(4).
41
Suppose 13*s - 51 = 27. Let p(z) be the first derivative of -z**2/2 - 8. Calculate p(s).
-6
Let l(o) be the third derivative of -o**4/24 - 2*o**3 + 6*o**2 + 40*o. Suppose a - 56 = 5*a. Calculate l(a).
2
Suppose -9164*s = -9191*s + 216. Let c(n) = -n**3 + 8*n**2 + n - 5. Calculate c(s).
3
Let y(w) = 11*w + 26 + 221*w**2 + 28*w**2 - 248*w**2. Calculate y(-8).
2
Suppose 6 - 20 = 2*y - 12. Let x(j) = -8*j**3 + 2*j**2 + 2*j - 1. What is 